p(33).
-105
Let u(n) = n**3 - 249*n**2 + 3125*n - 587205. Give u(246).
-3
Let v(b) = -3*b**2 + 1202*b - 113605. What is v(248)?
-21
Let s(t) = -t**2 - 123*t - 570. What is s(-5)?
20
Let c(u) = u**2 + 5099*u + 147011. Determine c(-29).
-19
Let a(g) = 14226*g - 14206. Give a(1).
20
Let o(r) = -2*r**3 - 13*r**2 - 373. Give o(-9).
32
Let k(o) = 16*o**3 + 30*o**2 - 108*o + 59. What is k(3)?
437
Let z(y) = -2*y**3 - 137*y**2 + 223*y + 728. What is z(-70)?
-182
Let v(b) = 48062*b - 288367. What is v(6)?
5
Let u(o) = o**3 - 49*o**2 - 553*o + 1770. Determine u(58).
-28
Let i(x) = -68*x**3 + 620*x**2 - 63*x - 103. Calculate i(9).
-22
Let a(m) = -441*m - 154481. What is a(-350)?
-131
Let g(i) = 2*i**3 + 395*i**2 + 561*i - 5290. Determine g(-196).
2
Let z(q) = -q**3 + 12*q**2 + 112*q + 337. What is z(20)?
-623
Let x(d) = d**3 + 122*d**2 + 127*d + 503. What is x(-121)?
-223
Let u(l) = -5*l**3 - 23*l**2 + 371*l + 1519. Give u(-4).
-13
Let j(m) = -2*m**2 - 421*m + 631. Determine j(-212).
-5
Let r(k) = 254771*k - 2547753. Calculate r(10).
-43
Let q(f) = 32352*f - 64700. What is q(2)?
4
Let c(v) = 295*v + 8373. Calculate c(-29).
-182
Let l(c) = 274*c + 3041. What is l(-9)?
575
Let m(u) = 3070*u + 18409. Give m(-6).
-11
Let c(d) = -1617*d**2 - 8223*d - 719. What is c(-5)?
-29
Let i(c) = -c**3 + 123*c**2 - 625*c + 3767. Determine i(118).
-363
Let c(b) = 969*b - 7723. Determine c(8).
29
Let q(s) = -4*s**3 + 15*s**2 + 199*s + 50. Give q(-6).
260
Let a(k) = k**2 + 4381*k - 225956. What is a(51)?
76
Let p(t) = -365*t - 962. Give p(5).
-2787
Let d(z) = -13*z - 981. Determine d(-40).
-461
Let l(f) = -15764*f + 46765. Calculate l(3).
-527
Let k(c) = -6*c**2 + 4232*c - 16917. Give k(4).
-85
Let j(t) = 63*t**2 + 778*t + 199. Give j(-12).
-65
Let g(c) = -472928*c - 9. Determine g(0).
-9
Let s(x) = x**3 - 17*x**2 + 28766*x - 489037. Calculate s(17).
-15
Let z(j) = j**3 + 900*j**2 - 4578*j + 259. Calculate z(5).
-6
Let o(c) = c**2 + 104*c - 541. Give o(-119).
1244
Let x(l) = 28956*l + 231364. Determine x(-8).
-284
Let l(d) = -1525*d + 423333. Determine l(278).
-617
Let k(z) = 8*z**3 - 524*z**2 + 267*z + 158. Determine k(65).
613
Let u(d) = 988*d - 568101. Calculate u(575).
-1
Let d(x) = 1359562*x + 19033848. Calculate d(-14).
-20
Let z(u) = u**2 - 1066*u - 172845. Determine z(-143).
42
Let a(n) = 3*n**2 + 175*n + 1208. What is a(-53)?
360
Let q(m) = -2147*m**2 - 285550*m + 141. What is q(-133)?
8
Let x(j) = -334*j - 62412. Determine x(-184).
-956
Let q(o) = 2*o**3 - 4*o**2 - 46*o - 113. Calculate q(-5).
-233
Let d(u) = 8303*u + 631030. Give d(-76).
2
Let a(y) = -3083*y**2 + 55484*y - 2. What is a(18)?
-182
Let q(a) = 131076*a - 262116. Calculate q(2).
36
Let p(j) = -17561*j - 70333. Determine p(-4).
-89
Let g(d) = 154359*d + 1389235. Calculate g(-9).
4
Let a(h) = 4*h**2 - 139*h + 715. Determine a(27).
-122
Let o(v) = 122*v**2 - 2615*v + 466. What is o(21)?
-647
Let p(u) = -180037*u + 540183. Determine p(3).
72
Let g(b) = -58*b**2 + 408*b + 1015. Calculate g(9).
-11
Let i(h) = -78404*h - 784022. What is i(-10)?
18
Let y(w) = -25*w**2 - 276*w + 2247. Give y(8).
-1561
Let i(f) = f**2 - 679*f + 56843. Give i(98).
-95
Let b(l) = -22008*l - 22023. What is b(-1)?
-15
Let b(u) = -19569*u + 1878619. Calculate b(96).
-5
Let g(w) = 3291*w + 638381. What is g(-194)?
-73
Let s(a) = -3*a**3 + 77*a**2 - 37*a + 180. Calculate s(25).
505
Let t(l) = -l**3 - 68*l**2 - 11*l - 2946. Give t(0).
-2946
Let w(c) = c**2 - 996*c + 34018. What is w(37)?
-1465
Let k(a) = -349*a**2 + 25133*a - 64. What is k(72)?
296
Let p(i) = 2427*i**2 + 60670*i - 132. Determine p(-25).
-7
Let f(z) = -4222*z - 1262387. Give f(-299).
-9
Let a(o) = o**3 - 59*o**2 - 181*o - 271. Give a(62).
39
Let n(h) = -455*h**3 + 2726*h**2 + 31*h - 44. Determine n(6).
-2
Let v(j) = -95*j - 445. Calculate v(-11).
600
Let w(u) = 3*u**3 + 28*u**2 + 220*u + 18. What is w(-8)?
-1486
Let y(n) = 1854*n**2 - 12673*n - 2151. Calculate y(7).
-16
Let k(v) = 1063*v - 198879. What is k(187)?
-98
Let y(r) = -7*r**3 - 888*r**2 + 589*r + 58674. Give y(-127).
0
Let k(s) = 31*s - 861. What is k(15)?
-396
Let j(f) = f**2 + 3725*f - 6. Determine j(0).
-6
Let t(p) = 1226*p**2 + 2586858*p - 4221. Give t(-2110).
-1
Let l(z) = -4*z**3 - 149*z**2 - 1219*z + 543. What is l(-13)?
-3
Let c(a) = -13*a**2 - 1022*a - 3063. Give c(-3).
-114
Let n(s) = 63*s**2 - 9820*s + 250. Give n(156).
1498
Let m(y) = -4*y**3 - 185*y**2 - 2209*y - 1514. What is m(-23)?
96
Let t(s) = 1074*s**2 - 34*s + 30. Give t(1).
1070
Let o(t) = -t**3 - 307*t**2 - 18593*t - 12. What is o(-83)?
71
Let f(q) = 552*q**2 + 4365*q - 10. Calculate f(-8).
398
Let u(n) = -5*n**3 - 785*n**2 + 3*n + 383. Give u(-157).
-88
Let s(c) = -c**3 - 1433*c**2 + 17405*c - 63. Calculate s(12).
717
Let b(a) = -24885*a + 6918032. Determine b(278).
2
Let u(v) = 61*v**2 - 3852*v + 11489. Calculate u(60).
-31
Let f(u) = u**3 + u**2 - 151*u + 694. Calculate f(5).
89
Let v(u) = -734*u + 256899. Calculate v(350).
-1
Let k(d) = -5833*d + 23334. Determine k(4).
2
Let j(g) = g**2 + 3474*g + 34669. Give j(-10).
29
Let j(p) = -13*p**2 - 359*p - 220. Determine j(-29).
-742
Let k(v) = 2*v**2 - 13304*v + 39882. Calculate k(3).
-12
Let w(p) = 58*p - 19081. Determine w(329).
1
Let j(g) = g**3 - 55*g**2 - 109510*g + 6129433. Give j(56).
9
Let j(z) = 3*z**3 - 90*z**2 + 230*z + 345. What is j(27)?
-6
Let n(t) = 2*t**3 - 180*t**2 - 772*t + 1825. Determine n(94).
-55
Let j(g) = -12*g**3 + 144*g**2 + 534*g + 88. Calculate j(15).
-2
Let s(x) = 4*x**3 - 9*x**2 - 84*x - 108. What is s(-4)?
-172
Let i(x) = 207*x**2 + 125034*x + 3645. Give i(-604).
21
Let f(i) = 49992*i + 499892. Determine f(-10).
-28
Let t(k) = -17996*k + 2663367. Calculate t(148).
-41
Let t(d) = -d**2 - 5122*d + 41034. Give t(8).
-6
Let j(g) = 2*g**3 - 22*g**2 + 28*g - 106. Determine j(7).
-302
Let h(q) = 922*q - 58945. Determine h(64).
63
Let t(c) = -10240*c + 593891. Give t(58).
-29
Let c(v) = -v**3 - 84*v**2 - 81*v + 543. Give c(-83).
377
Let j(w) = -51*w - 2966. Give j(-96).
1930
Let w(q) = -69258*q + 69340. Give w(1).
82
Let h(b) = 54*b**2 - 473*b - 57. What is h(9)?
60
Let l(y) = 62876*y - 377225. What is l(6)?
31
Let c(t) = 93*t**2 + 1684*t - 5035. Determine c(3).
854
Let z(q) = -5376*q + 312519. What is z(58)?
711
Let g(m) = -49*m + 8354. What is g(139)?
1543
Let j(x) = 2*x**2 - 136*x - 353. Give j(34).
-2665
Let w(o) = -4*o**3 + 455*o**2 + 124*o - 1349. Determine w(114).
-209
Let l(h) = 458*h**2 + 2790*h - 68. What is l(-6)?
-320
Let l(c) = 6*c**2 - 300*c + 1828. What is l(7)?
22
Let f(c) = -684*c + 69096. Give f(101).
12
Let n(u) = -795*u - 120852. Calculate n(-152).
-12
Let s(d) = -3*d**2 - 957*d - 12793. What is s(-14)?
17
Let x(q) = 3*q**3 + 7*q**2 + 2117*q - 4243. Calculate x(2).
43
Let o(i) = -i**2 + 117359*i - 586759. Give o(5).
11
Let x(d) = -35083*d + 316067. Determine x(9).
320
Let o(j) = 82965*j - 1991137. Give o(24).
23
Let v(p) = 5*p**3 - 68*p**2 + 508*p - 7517. Determine v(14).
-13
Let o(p) = -2*p**3 + 29*p**2 + 217*p + 72. What is o(20)?
12
Let i(b) = -b**3 + 356*b**2 - 417*b + 22016. Determine i(355).
6
Let k(y) = -65368*y + 4379647. Give k(67).
-9
Let b(j) = 6*j - 355. What is b(-17)?
-457
Let t(b) = -b**2 + 90466. Determine t(301).
-135
Let f(k) = -34*k**3 + 62*k**2 + 5*k + 10. Calculate f(2).
-4
Let g(r) = 7*r**2 - 261*r - 261. Give g(-1).
7
Let i(g) = -g**3 - 60*g**2 + 1040*g + 183. Determine i(-74).
-113
Let p(q) = 160*q**2 + 757*q + 1388. What is p(-2)?
514
Let j(o) = -o**3 + 34*o**2 + 39*o - 124. Determine j(35).
16
Let p(s) = 210*s + 16650. Determine p(-80).
-150
Let z(i) = i**2 + 309600*i + 3095898. What is z(-10)?
-2
Let g(d) = 4*d**2 - 1043*d - 72824. Give g(318).
-2
Let a(n) = -3*n**3 - 1046*n**2 - 221*n - 198927. What is a(-349)?
3
Let g(b) = 20*b**3 + 6247*b**2 + 2178*b - 1864. Calculate g(-312).
8
Let l(b) = -2160*b - 114. What is l(-1)?
2046
Let g(q) = 3*q**3 + 112*q**2 - 85*q + 15012. Give g(-41).
6
Let p(r) = -r**3 + 4*r**2 - 1840*r + 5518. Calculate p(3).
7
Let z(r) = -r**3 + 112*r**2 + 2208*r - 1298. What is z(129)?
637
Let o(l) = -4*l**3 - 66*l**2 + 91*l + 2712. What is o(-15)?
-3
Let l(t) = -t**2 - 1400*t + 78517. Give l(54).
1
Let i(p) = p**3 + 7*p**2 - 156*p - 88. Calculate i(10).
52
Let h(q) = q**3 + 28*q**2 - 596*q - 356.